t f = -2 - h. List the prime factors of f.
2, 3
Suppose -t - 5*h + 301 = -2*t, h = -5*t - 1453. Let v = 592 + t. What are the prime factors of v?
7, 43
List the prime factors of -20*(216/540 - 35164/10).
2, 3, 5, 293
Suppose 7*n - 34008 + 6670 = 13962. List the prime factors of n.
2, 5, 59
Let k = -144 - -447. Suppose 51*f = 50*f + k. Suppose -f = -x - 2*x. List the prime factors of x.
101
Let j be (-1 - 3) + 0*6/(-36). What are the prime factors of (2 + -2 - j) + 270*1?
2, 137
Let k be (4 - (6 - 2))/(-3 + 1). Suppose 11*t + 2029 - 6011 = k. List the prime factors of t.
2, 181
Let j(d) = d**2 + 6*d - 22. Let y be ((-6)/(-5))/((-2)/(-5)) - 12. Let t be (y*4/(-42))/((-19)/(-133)). List the prime factors of j(t).
2, 5
Let s be (2/(-6))/(17/(-102)). Let b(t) be the second derivative of 2*t**4/3 + t**3/6 - t**2/2 + 5*t. List the prime factors of b(s).
3, 11
Let s(y) = 14*y**2 - y - 4. Let d be s(6). Let o = d + -251. List the prime factors of o.
3
Suppose 36*z = 7*z + 9889. Suppose 6*w - z - 523 = 0. List the prime factors of w.
2, 3
Suppose 0 = -o + 143 - 137. List the prime factors of -1 + 3/o + (-188)/(-8).
23
Suppose 0 = -4*b + 3*b + 56. Suppose -184 + b = -4*l. Let a = l - -5. What are the prime factors of a?
37
Let m = 879 + -874. Suppose l = 5*h - 3827, m*l - 14 = 1. What are the prime factors of h?
2, 383
Let j = 183 + -178. List the prime factors of 1026/3 - ((j - 10) + 10).
337
Let q(p) = 4*p + 38. Let m(c) = -3*c - 19. Let y(r) = -9*m(r) - 4*q(r). Let h be 1/(-3) + (-44)/(-6). What are the prime factors of y(h)?
2, 3
Suppose 5*g - 5*a + 20916 = 71001, 2*a + 40066 = 4*g. List the prime factors of g.
2, 313
Suppose -180454 = -4*m - 7*y, 28*y - 25*y + 180394 = 4*m. List the prime factors of m.
23, 37, 53
Let x(i) = 9*i - 5*i - 14*i - 18 - 7. Let k be x(-8). Let u = 179 - k. List the prime factors of u.
2, 31
Let z(q) be the first derivative of 5*q**4/4 + 11*q**2 - 17*q + 63. What are the prime factors of z(5)?
2, 359
Let v = -31 - -37. Let b be (0 - 0)/((-12)/v). Suppose b = 4*q + 238 - 850. List the prime factors of q.
3, 17
Suppose 0 = -2*b + 87*t - 91*t + 7800, -2*t = 4*b - 15642. What are the prime factors of b?
2, 19, 103
Suppose 20*m - 1291 = 1069. Suppose m = 5*x + v - 5112, -3110 = -3*x + 5*v. What are the prime factors of x?
5, 11, 19
Let i(m) = 3*m**2 - 36*m - 35. Let h be i(13). Suppose -3*b + h*f = -501, -5*b + 3*f + 504 = -2*b. What are the prime factors of b?
3, 19
Suppose -4*q - 4*x = -4, -x = 2*q - 0 - 4. Suppose 0 = q*p - 2454 + 678. What are the prime factors of p?
2, 37
Let w be (-5)/2*(-18)/5. Suppose -w*s + 397 = -593. List the prime factors of s.
2, 5, 11
Suppose -6 = c, 67*c = 5*i + 62*c - 144005. What are the prime factors of i?
5, 13, 443
Let l(x) = -116*x**2 + 2*x - 1. Let n be l(2). Let o = n - -567. What are the prime factors of o?
2, 53
Let y = 240 - 1976. Let f = y + 3073. What are the prime factors of f?
7, 191
Let q = -41 - -45. Suppose -q*l + 10 - 10 = 0. List the prime factors of 6*54/(l - -3).
2, 3
Let q = 13147 - 7181. List the prime factors of q.
2, 19, 157
Let x(f) = 5*f**2 - 3*f + 9. Let b be x(10). Suppose 121 + b = 3*q. List the prime factors of q.
2, 5
Let f be (-5 + 0)/((-30)/36). Let v(r) = -r**2 + 8*r + 6. Let p be v(f). Let c = p - -62. What are the prime factors of c?
2, 5
Let z = 36461 - 3067. List the prime factors of z.
2, 59, 283
Let t be (4/24*0)/3. Suppose t = -4*q + 10*c - 11*c + 6904, -3*q = -5*c - 5201. List the prime factors of q.
11, 157
Suppose 4*y - 3*y = 0. Suppose -2*n = -2*l + 1186, -5*n = l - 364 - 259. Suppose -89*g + 91*g - l = y. What are the prime factors of g?
13, 23
Suppose 7 - 7 = 4*l. Suppose -4*g + 5*b = -7, b - 4 = -l*g - g. Suppose -4*k + 55 = g*x, -5*k - 2*x + 70 = 3*x. List the prime factors of k.
13
Let p(g) = 2*g**2 + 2*g - 124. Let l be p(22). Suppose -n = -h + 853, 3*n - 2517 = -4*h + l. List the prime factors of h.
2, 3, 71
Let m = -640 - -1225. Let i = m - -240. List the prime factors of i.
3, 5, 11
Suppose 9873410 = 395*b + 15*b - 2209700. List the prime factors of b.
13, 2267
Let t(h) = -3*h**2 + h**2 - 10*h + 9 + 3*h**2. Let j(o) = 4*o**2 - 40*o + 36. Let u(c) = -2*j(c) + 9*t(c). List the prime factors of u(15).
2, 3, 7
Let a be (-52)/(-10) + 2/(-10). Suppose 5*v + 260 = 5*k, 5*k - 38 = -a*v + 262. Suppose 58*p - 208 = k*p. What are the prime factors of p?
2, 13
Suppose -2*d = -3*d - 3, t + 3*d + 2 = 0. Suppose -1919 = t*y - 5160. Suppose y = 5*p - 487. List the prime factors of p.
2, 5, 19
Let a = -59 + 64. Let c be 24/a*((0 - 2) + 7). Suppose 413 = c*u - 17*u. List the prime factors of u.
59
Suppose -21*m + 12 = -18*m. Suppose n + 279 = 5*q, 4*n - m = -0*n. Suppose 19 - 75 = -2*z - 3*r, -2*z + 5*r + q = 0. List the prime factors of z.
2, 7
Let o be 16/3*2/(8/6). Let p be ((-6)/9 - o/(-3))/2. Let f(k) = 20*k + 6. What are the prime factors of f(p)?
2, 13
Let h(f) = f**3 + 2*f**2 - 40*f + 108. List the prime factors of h(21).
3, 3137
What are the prime factors of ((-4020710)/(-25) - 4/10)*(-155)/(-620)?
31, 1297
Let l = 8 - -2. Suppose 13*y = 502 + 122. What are the prime factors of (y/15)/(4/l)?
2
Let t(d) be the third derivative of 5/24*d**4 + 14/3*d**3 - 8*d**2 + 0*d + 0. List the prime factors of t(-5).
3
Let a be (-5 - -1 - -10 - 1) + 29317. Suppose 5*r = -22*r + a. What are the prime factors of r?
2, 3, 181
Let v(k) = -163*k**3 - 3*k**2 - 3*k - 9. Let u(p) = 327*p**3 + 7*p**2 + 6*p + 20. Let q(z) = 3*u(z) + 7*v(z). What are the prime factors of q(-2)?
1283
Let s be (287 - 8)*(0 + 1). Let x = s - -25. What are the prime factors of x?
2, 19
Let v = 8 + -6. Let k = -635 + 1145. Suppose 4*p + v*o = k, -2*p - 3*p - 2*o + 636 = 0. What are the prime factors of p?
2, 3, 7
Let x(a) = 4*a**2 + 19*a + 17. Let y be x(-4). Suppose -4*g - y*p - 667 = -7*g, -5*g = 4*p - 1087. What are the prime factors of g?
3, 73
Let u(p) = -12*p**3 + 3*p**2 + p - 4. Let o = -277 + 274. What are the prime factors of u(o)?
2, 43
Let n be 1/(3 - (-111)/(-36)). Let u be 4/(-2) + (n/(-2) - -3). List the prime factors of (-10)/(-35) + 222/u.
2
Let c(t) = 242*t + 50. Let k be ((-80)/32)/(5/(-14)). List the prime factors of c(k).
2, 109
Let i = -1245 - -5832. List the prime factors of i.
3, 11, 139
Let q(m) = m**2 + m - 11. Let f(w) = -w - 1. Let l(k) = -k**3 - 9*k**2 + 7*k + 18. Let t(o) = 5*f(o) + l(o). Let d be t(-9). List the prime factors of q(d).
3
Let m be (324/(-4))/(-4 - 9/(-2)). What are the prime factors of (m/(-30) - 5)*80?
2
Let s be -6*1 - (-113776)/26. Let i = -2673 + s. What are the prime factors of i?
1697
Let f = -657 - -458. Let z = 41 - f. List the prime factors of z.
2, 3, 5
Let j = 102 - 86. Let q(o) = 4*o**2 + 28*o - 14. What are the prime factors of q(j)?
2, 3
Let l(y) = 24*y**3 + 17*y**2 + 37*y - 235. List the prime factors of l(8).
3, 1493
Suppose -105 = 12*d - 7*d. Let l be (8/(-2))/(28/d). Suppose 4*n = h - 150, -h + 147 = -2*n - l*n. List the prime factors of h.
2, 3
Suppose -3*n - 112 = -11*n. Let x(w) = -w**2 + 55 - 3*w + n + 3*w. List the prime factors of x(0).
3, 23
Suppose 5*l = 19 + 6. Suppose -793 = -l*j + 4*g, -3*g + 647 = 4*j - 2*g. Suppose -8*z = -9*z + j. What are the prime factors of z?
7, 23
Let p = -13 - -6. Let f(l) = 1285*l + 6 - 3 - 645*l + 10 - 647*l. List the prime factors of f(p).
2, 31
Suppose -23 - 5 = -7*b. Suppose -2*i + 47 + 80 = 3*o, 5*i = b*o - 200. Let c = o + 75. List the prime factors of c.
2, 3, 5
Suppose -11309 = -3*n - 2*s, 9*s - 11*s + 8 = 0. List the prime factors of n.
3767
List the prime factors of (-573)/382*(-201256)/6 - -6.
2, 5, 17, 37
Suppose 45*k = 55*k - 9980. Let f = k + -504. List the prime factors of f.
2, 13, 19
Let i = 116 - 67. Let z be (-4)/(-7) + 70/i. Suppose n + y - 109 = -2*n, z*n - 2*y = 70. What are the prime factors of n?
2, 3
Suppose 144*r = 80*r + 151552. What are the prime factors of r?
2, 37
Let o be (1 - (9 - (7 + -3))) + 16. Suppose o = 3*b, 1361 = -a + 6*a - b. List the prime factors of a.
3, 7, 13
Let q = 104 - 62. Suppose -10*j = -q - 8. What are the prime factors of ((-594)/(-3))/(5/j) - 4?
2, 97
List the prime factors of (6/(-19))/(-3) - (733624/(-38) - 27).
19333
Let u(f) be the first derivative of f**5/20 + f**4/12 - f**3 + f**2/2 + 31*f - 4. Let x(l) be the first derivative of u(l).